{"id":14187,"date":"2021-08-23T14:39:55","date_gmt":"2021-08-23T19:39:55","guid":{"rendered":"https:\/\/perceides.ca\/grande-rencontre2021\/?post_type=evenement&#038;p=14187"},"modified":"2021-09-02T13:37:08","modified_gmt":"2021-09-02T18:37:08","slug":"programme-de-court-metrages-soulignant-les-50-ans-de-videographe","status":"publish","type":"evenement","link":"https:\/\/perceides.ca\/grande-rencontre2021\/evenement\/programme-de-court-metrages-soulignant-les-50-ans-de-videographe\/","title":{"rendered":"Programme de court-me\u0301trages soulignant les 50 ans de Vide\u0301ographe"},"content":{"rendered":"","protected":false},"excerpt":{"rendered":"","protected":false},"author":13,"featured_media":14190,"menu_order":0,"template":"","format":"standard","meta":[],"categories":[],"tags":[],"yoast_head":"<!-- This site is optimized with the Yoast SEO plugin v16.9 - https:\/\/yoast.com\/wordpress\/plugins\/seo\/ -->\n<title>Programme de court-me\u0301trages soulignant les 50 ans de Vide\u0301ographe - 6e Grande Rencontre des arts m\u00e9diatiques en Gasp\u00e9sie<\/title>\n<meta name=\"robots\" content=\"index, follow, max-snippet:-1, max-image-preview:large, max-video-preview:-1\" \/>\n<link rel=\"canonical\" href=\"https:\/\/perceides.ca\/grande-rencontre2021\/evenement\/programme-de-court-metrages-soulignant-les-50-ans-de-videographe\/\" \/>\n<meta property=\"og:locale\" content=\"fr_FR\" \/>\n<meta property=\"og:type\" content=\"article\" \/>\n<meta property=\"og:title\" content=\"Programme de court-me\u0301trages soulignant les 50 ans de Vide\u0301ographe - 6e Grande Rencontre des arts m\u00e9diatiques en Gasp\u00e9sie\" \/>\n<meta property=\"og:url\" content=\"https:\/\/perceides.ca\/grande-rencontre2021\/evenement\/programme-de-court-metrages-soulignant-les-50-ans-de-videographe\/\" \/>\n<meta property=\"og:site_name\" content=\"6e Grande Rencontre des arts m\u00e9diatiques en Gasp\u00e9sie\" \/>\n<meta property=\"article:modified_time\" content=\"2021-09-02T18:37:08+00:00\" \/>\n<meta property=\"og:image\" content=\"http:\/\/perceides.ca\/grande-rencontre2021\/wp-content\/uploads\/2021\/08\/Jean-Pierre-Boyer.jpg\" \/>\n\t<meta property=\"og:image:width\" content=\"1920\" \/>\n\t<meta property=\"og:image:height\" content=\"1080\" \/>\n<meta name=\"twitter:card\" content=\"summary_large_image\" \/>\n<script type=\"application\/ld+json\" class=\"yoast-schema-graph\">{\"@context\":\"https:\/\/schema.org\",\"@graph\":[{\"@type\":\"Organization\",\"@id\":\"https:\/\/perceides.ca\/grande-rencontre2021\/#organization\",\"name\":\"Grande rencontre des arts m\\u00e9diatiques en Gasp\\u00e9sie\",\"url\":\"https:\/\/perceides.ca\/grande-rencontre2021\/\",\"sameAs\":[],\"logo\":{\"@type\":\"ImageObject\",\"@id\":\"https:\/\/perceides.ca\/grande-rencontre2021\/#logo\",\"inLanguage\":\"fr-FR\",\"url\":\"https:\/\/perceides.ca\/grande-rencontre2021\/wp-content\/uploads\/2021\/09\/perceides-grandes-rencontres-poster02Bcrop2.jpg\",\"contentUrl\":\"https:\/\/perceides.ca\/grande-rencontre2021\/wp-content\/uploads\/2021\/09\/perceides-grandes-rencontres-poster02Bcrop2.jpg\",\"width\":952,\"height\":599,\"caption\":\"Grande rencontre des arts m\\u00e9diatiques en Gasp\\u00e9sie\"},\"image\":{\"@id\":\"https:\/\/perceides.ca\/grande-rencontre2021\/#logo\"}},{\"@type\":\"WebSite\",\"@id\":\"https:\/\/perceides.ca\/grande-rencontre2021\/#website\",\"url\":\"https:\/\/perceides.ca\/grande-rencontre2021\/\",\"name\":\"6e Grande Rencontre des arts m\\u00e9diatiques en Gasp\\u00e9sie\",\"description\":\"Perc\\u00e9, 2 au 5 septembre 2021\",\"publisher\":{\"@id\":\"https:\/\/perceides.ca\/grande-rencontre2021\/#organization\"},\"potentialAction\":[{\"@type\":\"SearchAction\",\"target\":{\"@type\":\"EntryPoint\",\"urlTemplate\":\"https:\/\/perceides.ca\/grande-rencontre2021\/?s={search_term_string}\"},\"query-input\":\"required name=search_term_string\"}],\"inLanguage\":\"fr-FR\"},{\"@type\":\"ImageObject\",\"@id\":\"https:\/\/perceides.ca\/grande-rencontre2021\/evenement\/programme-de-court-metrages-soulignant-les-50-ans-de-videographe\/#primaryimage\",\"inLanguage\":\"fr-FR\",\"url\":\"https:\/\/perceides.ca\/grande-rencontre2021\/wp-content\/uploads\/2021\/08\/Jean-Pierre-Boyer.jpg\",\"contentUrl\":\"https:\/\/perceides.ca\/grande-rencontre2021\/wp-content\/uploads\/2021\/08\/Jean-Pierre-Boyer.jpg\",\"width\":1920,\"height\":1080,\"caption\":\"Jean-Pierre Boyer, video-cortex, vid\\u00e9o exp\\u00e9rimental, 1974, Canada, 6:35\"},{\"@type\":\"WebPage\",\"@id\":\"https:\/\/perceides.ca\/grande-rencontre2021\/evenement\/programme-de-court-metrages-soulignant-les-50-ans-de-videographe\/#webpage\",\"url\":\"https:\/\/perceides.ca\/grande-rencontre2021\/evenement\/programme-de-court-metrages-soulignant-les-50-ans-de-videographe\/\",\"name\":\"Programme de court-me\\u0301trages soulignant les 50 ans de Vide\\u0301ographe - 6e Grande Rencontre des arts m\\u00e9diatiques en Gasp\\u00e9sie\",\"isPartOf\":{\"@id\":\"https:\/\/perceides.ca\/grande-rencontre2021\/#website\"},\"primaryImageOfPage\":{\"@id\":\"https:\/\/perceides.ca\/grande-rencontre2021\/evenement\/programme-de-court-metrages-soulignant-les-50-ans-de-videographe\/#primaryimage\"},\"datePublished\":\"2021-08-23T19:39:55+00:00\",\"dateModified\":\"2021-09-02T18:37:08+00:00\",\"breadcrumb\":{\"@id\":\"https:\/\/perceides.ca\/grande-rencontre2021\/evenement\/programme-de-court-metrages-soulignant-les-50-ans-de-videographe\/#breadcrumb\"},\"inLanguage\":\"fr-FR\",\"potentialAction\":[{\"@type\":\"ReadAction\",\"target\":[\"https:\/\/perceides.ca\/grande-rencontre2021\/evenement\/programme-de-court-metrages-soulignant-les-50-ans-de-videographe\/\"]}]},{\"@type\":\"BreadcrumbList\",\"@id\":\"https:\/\/perceides.ca\/grande-rencontre2021\/evenement\/programme-de-court-metrages-soulignant-les-50-ans-de-videographe\/#breadcrumb\",\"itemListElement\":[{\"@type\":\"ListItem\",\"position\":1,\"name\":\"Accueil\",\"item\":\"https:\/\/perceides.ca\/grande-rencontre2021\/\"},{\"@type\":\"ListItem\",\"position\":2,\"name\":\"\\u00c9v\\u00e9nements\",\"item\":\"https:\/\/perceides.ca\/grande-rencontre2021\/evenement\/\"},{\"@type\":\"ListItem\",\"position\":3,\"name\":\"Programme de court-me\\u0301trages soulignant les 50 ans de Vide\\u0301ographe\"}]}]}<\/script>\n<!-- \/ Yoast SEO plugin. -->","yoast_head_json":{"title":"Programme de court-me\u0301trages soulignant les 50 ans de Vide\u0301ographe - 6e Grande Rencontre des arts m\u00e9diatiques en Gasp\u00e9sie","robots":{"index":"index","follow":"follow","max-snippet":"max-snippet:-1","max-image-preview":"max-image-preview:large","max-video-preview":"max-video-preview:-1"},"canonical":"https:\/\/perceides.ca\/grande-rencontre2021\/evenement\/programme-de-court-metrages-soulignant-les-50-ans-de-videographe\/","og_locale":"fr_FR","og_type":"article","og_title":"Programme de court-me\u0301trages soulignant les 50 ans de Vide\u0301ographe - 6e Grande Rencontre des arts m\u00e9diatiques en Gasp\u00e9sie","og_url":"https:\/\/perceides.ca\/grande-rencontre2021\/evenement\/programme-de-court-metrages-soulignant-les-50-ans-de-videographe\/","og_site_name":"6e Grande Rencontre des arts m\u00e9diatiques en Gasp\u00e9sie","article_modified_time":"2021-09-02T18:37:08+00:00","og_image":[{"width":1920,"height":1080,"url":"http:\/\/perceides.ca\/grande-rencontre2021\/wp-content\/uploads\/2021\/08\/Jean-Pierre-Boyer.jpg","path":"\/home\/percei\/public_html\/grande-rencontre2021\/wp-content\/uploads\/2021\/08\/Jean-Pierre-Boyer.jpg","size":"full","id":14190,"alt":"","pixels":2073600,"type":"image\/jpeg"}],"twitter_card":"summary_large_image","schema":{"@context":"https:\/\/schema.org","@graph":[{"@type":"Organization","@id":"https:\/\/perceides.ca\/grande-rencontre2021\/#organization","name":"Grande rencontre des arts m\u00e9diatiques en Gasp\u00e9sie","url":"https:\/\/perceides.ca\/grande-rencontre2021\/","sameAs":[],"logo":{"@type":"ImageObject","@id":"https:\/\/perceides.ca\/grande-rencontre2021\/#logo","inLanguage":"fr-FR","url":"https:\/\/perceides.ca\/grande-rencontre2021\/wp-content\/uploads\/2021\/09\/perceides-grandes-rencontres-poster02Bcrop2.jpg","contentUrl":"https:\/\/perceides.ca\/grande-rencontre2021\/wp-content\/uploads\/2021\/09\/perceides-grandes-rencontres-poster02Bcrop2.jpg","width":952,"height":599,"caption":"Grande rencontre des arts m\u00e9diatiques en Gasp\u00e9sie"},"image":{"@id":"https:\/\/perceides.ca\/grande-rencontre2021\/#logo"}},{"@type":"WebSite","@id":"https:\/\/perceides.ca\/grande-rencontre2021\/#website","url":"https:\/\/perceides.ca\/grande-rencontre2021\/","name":"6e Grande Rencontre des arts m\u00e9diatiques en Gasp\u00e9sie","description":"Perc\u00e9, 2 au 5 septembre 2021","publisher":{"@id":"https:\/\/perceides.ca\/grande-rencontre2021\/#organization"},"potentialAction":[{"@type":"SearchAction","target":{"@type":"EntryPoint","urlTemplate":"https:\/\/perceides.ca\/grande-rencontre2021\/?s={search_term_string}"},"query-input":"required name=search_term_string"}],"inLanguage":"fr-FR"},{"@type":"ImageObject","@id":"https:\/\/perceides.ca\/grande-rencontre2021\/evenement\/programme-de-court-metrages-soulignant-les-50-ans-de-videographe\/#primaryimage","inLanguage":"fr-FR","url":"https:\/\/perceides.ca\/grande-rencontre2021\/wp-content\/uploads\/2021\/08\/Jean-Pierre-Boyer.jpg","contentUrl":"https:\/\/perceides.ca\/grande-rencontre2021\/wp-content\/uploads\/2021\/08\/Jean-Pierre-Boyer.jpg","width":1920,"height":1080,"caption":"Jean-Pierre Boyer, video-cortex, vid\u00e9o exp\u00e9rimental, 1974, Canada, 6:35"},{"@type":"WebPage","@id":"https:\/\/perceides.ca\/grande-rencontre2021\/evenement\/programme-de-court-metrages-soulignant-les-50-ans-de-videographe\/#webpage","url":"https:\/\/perceides.ca\/grande-rencontre2021\/evenement\/programme-de-court-metrages-soulignant-les-50-ans-de-videographe\/","name":"Programme de court-me\u0301trages soulignant les 50 ans de Vide\u0301ographe - 6e Grande Rencontre des arts m\u00e9diatiques en Gasp\u00e9sie","isPartOf":{"@id":"https:\/\/perceides.ca\/grande-rencontre2021\/#website"},"primaryImageOfPage":{"@id":"https:\/\/perceides.ca\/grande-rencontre2021\/evenement\/programme-de-court-metrages-soulignant-les-50-ans-de-videographe\/#primaryimage"},"datePublished":"2021-08-23T19:39:55+00:00","dateModified":"2021-09-02T18:37:08+00:00","breadcrumb":{"@id":"https:\/\/perceides.ca\/grande-rencontre2021\/evenement\/programme-de-court-metrages-soulignant-les-50-ans-de-videographe\/#breadcrumb"},"inLanguage":"fr-FR","potentialAction":[{"@type":"ReadAction","target":["https:\/\/perceides.ca\/grande-rencontre2021\/evenement\/programme-de-court-metrages-soulignant-les-50-ans-de-videographe\/"]}]},{"@type":"BreadcrumbList","@id":"https:\/\/perceides.ca\/grande-rencontre2021\/evenement\/programme-de-court-metrages-soulignant-les-50-ans-de-videographe\/#breadcrumb","itemListElement":[{"@type":"ListItem","position":1,"name":"Accueil","item":"https:\/\/perceides.ca\/grande-rencontre2021\/"},{"@type":"ListItem","position":2,"name":"\u00c9v\u00e9nements","item":"https:\/\/perceides.ca\/grande-rencontre2021\/evenement\/"},{"@type":"ListItem","position":3,"name":"Programme de court-me\u0301trages soulignant les 50 ans de Vide\u0301ographe"}]}]}},"_links":{"self":[{"href":"https:\/\/perceides.ca\/grande-rencontre2021\/wp-json\/wp\/v2\/evenement\/14187"}],"collection":[{"href":"https:\/\/perceides.ca\/grande-rencontre2021\/wp-json\/wp\/v2\/evenement"}],"about":[{"href":"https:\/\/perceides.ca\/grande-rencontre2021\/wp-json\/wp\/v2\/types\/evenement"}],"author":[{"embeddable":true,"href":"https:\/\/perceides.ca\/grande-rencontre2021\/wp-json\/wp\/v2\/users\/13"}],"version-history":[{"count":7,"href":"https:\/\/perceides.ca\/grande-rencontre2021\/wp-json\/wp\/v2\/evenement\/14187\/revisions"}],"predecessor-version":[{"id":15182,"href":"https:\/\/perceides.ca\/grande-rencontre2021\/wp-json\/wp\/v2\/evenement\/14187\/revisions\/15182"}],"wp:featuredmedia":[{"embeddable":true,"href":"https:\/\/perceides.ca\/grande-rencontre2021\/wp-json\/wp\/v2\/media\/14190"}],"wp:attachment":[{"href":"https:\/\/perceides.ca\/grande-rencontre2021\/wp-json\/wp\/v2\/media?parent=14187"}],"wp:term":[{"taxonomy":"category","embeddable":true,"href":"https:\/\/perceides.ca\/grande-rencontre2021\/wp-json\/wp\/v2\/categories?post=14187"},{"taxonomy":"post_tag","embeddable":true,"href":"https:\/\/perceides.ca\/grande-rencontre2021\/wp-json\/wp\/v2\/tags?post=14187"}],"curies":[{"name":"wp","href":"https:\/\/api.w.org\/{rel}","templated":true}]}}

<!-- This site is optimized with the Yoast SEO plugin v16.9 - https://yoast.com/wordpress/plugins/seo/ -->
<title>Programme de court-métrages soulignant les 50 ans de Vidéographe - 6e Grande Rencontre des arts médiatiques en Gaspésie</title>
<meta name="robots" content="index, follow, max-snippet:-1, max-image-preview:large, max-video-preview:-1" />
<link rel="canonical" href="https://perceides.ca/grande-rencontre2021/evenement/programme-de-court-metrages-soulignant-les-50-ans-de-videographe/" />
<meta property="og:locale" content="fr_FR" />
<meta property="og:type" content="article" />
<meta property="og:title" content="Programme de court-métrages soulignant les 50 ans de Vidéographe - 6e Grande Rencontre des arts médiatiques en Gaspésie" />
<meta property="og:url" content="https://perceides.ca/grande-rencontre2021/evenement/programme-de-court-metrages-soulignant-les-50-ans-de-videographe/" />
<meta property="og:site_name" content="6e Grande Rencontre des arts médiatiques en Gaspésie" />
<meta property="article:modified_time" content="2021-09-02T18:37:08+00:00" />
<meta property="og:image" content="http://perceides.ca/grande-rencontre2021/wp-content/uploads/2021/08/Jean-Pierre-Boyer.jpg" />
	<meta property="og:image:width" content="1920" />
	<meta property="og:image:height" content="1080" />
<meta name="twitter:card" content="summary_large_image" />
<script type="application/ld+json" class="yoast-schema-graph">{"@context":"https://schema.org","@graph":[{"@type":"Organization","@id":"https://perceides.ca/grande-rencontre2021/#organization","name":"Grande rencontre des arts m\u00e9diatiques en Gasp\u00e9sie","url":"https://perceides.ca/grande-rencontre2021/","sameAs":[],"logo":{"@type":"ImageObject","@id":"https://perceides.ca/grande-rencontre2021/#logo","inLanguage":"fr-FR","url":"https://perceides.ca/grande-rencontre2021/wp-content/uploads/2021/09/perceides-grandes-rencontres-poster02Bcrop2.jpg","contentUrl":"https://perceides.ca/grande-rencontre2021/wp-content/uploads/2021/09/perceides-grandes-rencontres-poster02Bcrop2.jpg","width":952,"height":599,"caption":"Grande rencontre des arts m\u00e9diatiques en Gasp\u00e9sie"},"image":{"@id":"https://perceides.ca/grande-rencontre2021/#logo"}},{"@type":"WebSite","@id":"https://perceides.ca/grande-rencontre2021/#website","url":"https://perceides.ca/grande-rencontre2021/","name":"6e Grande Rencontre des arts m\u00e9diatiques en Gasp\u00e9sie","description":"Perc\u00e9, 2 au 5 septembre 2021","publisher":{"@id":"https://perceides.ca/grande-rencontre2021/#organization"},"potentialAction":[{"@type":"SearchAction","target":{"@type":"EntryPoint","urlTemplate":"https://perceides.ca/grande-rencontre2021/?s={search_term_string}"},"query-input":"required name=search_term_string"}],"inLanguage":"fr-FR"},{"@type":"ImageObject","@id":"https://perceides.ca/grande-rencontre2021/evenement/programme-de-court-metrages-soulignant-les-50-ans-de-videographe/#primaryimage","inLanguage":"fr-FR","url":"https://perceides.ca/grande-rencontre2021/wp-content/uploads/2021/08/Jean-Pierre-Boyer.jpg","contentUrl":"https://perceides.ca/grande-rencontre2021/wp-content/uploads/2021/08/Jean-Pierre-Boyer.jpg","width":1920,"height":1080,"caption":"Jean-Pierre Boyer, video-cortex, vid\u00e9o exp\u00e9rimental, 1974, Canada, 6:35"},{"@type":"WebPage","@id":"https://perceides.ca/grande-rencontre2021/evenement/programme-de-court-metrages-soulignant-les-50-ans-de-videographe/#webpage","url":"https://perceides.ca/grande-rencontre2021/evenement/programme-de-court-metrages-soulignant-les-50-ans-de-videographe/","name":"Programme de court-me\u0301trages soulignant les 50 ans de Vide\u0301ographe - 6e Grande Rencontre des arts m\u00e9diatiques en Gasp\u00e9sie","isPartOf":{"@id":"https://perceides.ca/grande-rencontre2021/#website"},"primaryImageOfPage":{"@id":"https://perceides.ca/grande-rencontre2021/evenement/programme-de-court-metrages-soulignant-les-50-ans-de-videographe/#primaryimage"},"datePublished":"2021-08-23T19:39:55+00:00","dateModified":"2021-09-02T18:37:08+00:00","breadcrumb":{"@id":"https://perceides.ca/grande-rencontre2021/evenement/programme-de-court-metrages-soulignant-les-50-ans-de-videographe/#breadcrumb"},"inLanguage":"fr-FR","potentialAction":[{"@type":"ReadAction","target":["https://perceides.ca/grande-rencontre2021/evenement/programme-de-court-metrages-soulignant-les-50-ans-de-videographe/"]}]},{"@type":"BreadcrumbList","@id":"https://perceides.ca/grande-rencontre2021/evenement/programme-de-court-metrages-soulignant-les-50-ans-de-videographe/#breadcrumb","itemListElement":[{"@type":"ListItem","position":1,"name":"Accueil","item":"https://perceides.ca/grande-rencontre2021/"},{"@type":"ListItem","position":2,"name":"\u00c9v\u00e9nements","item":"https://perceides.ca/grande-rencontre2021/evenement/"},{"@type":"ListItem","position":3,"name":"Programme de court-me\u0301trages soulignant les 50 ans de Vide\u0301ographe"}]}]}</script>
<!-- / Yoast SEO plugin. -->

Programme de court-métrages soulignant les 50 ans de Vidéographe - 6e Grande Rencontre des arts médiatiques en Gaspésie

6e Grande Rencontre des arts médiatiques en Gaspésie

Grande rencontre des arts médiatiques en Gaspésie

Percé, 2 au 5 septembre 2021

Jean-Pierre Boyer, video-cortex, vidéo expérimental, 1974, Canada, 6:35

Événements
