{"id":14285,"date":"2021-08-24T19:57:31","date_gmt":"2021-08-25T00:57:31","guid":{"rendered":"https:\/\/perceides.ca\/grande-rencontre2021\/?post_type=evenement&#038;p=14285"},"modified":"2021-09-02T13:31:41","modified_gmt":"2021-09-02T18:31:41","slug":"violente-barriere","status":"publish","type":"evenement","link":"https:\/\/perceides.ca\/grande-rencontre2021\/evenement\/violente-barriere\/","title":{"rendered":"Violente barri\u00e8re"},"content":{"rendered":"","protected":false},"excerpt":{"rendered":"","protected":false},"author":21,"featured_media":14287,"menu_order":0,"template":"","format":"standard","meta":[],"categories":[],"tags":[],"yoast_head":"<!-- This site is optimized with the Yoast SEO plugin v16.9 - https:\/\/yoast.com\/wordpress\/plugins\/seo\/ -->\n<title>Violente barri\u00e8re - 6e Grande Rencontre des arts m\u00e9diatiques en Gasp\u00e9sie<\/title>\n<meta name=\"robots\" content=\"index, follow, max-snippet:-1, max-image-preview:large, max-video-preview:-1\" \/>\n<link rel=\"canonical\" href=\"https:\/\/perceides.ca\/grande-rencontre2021\/evenement\/violente-barriere\/\" \/>\n<meta property=\"og:locale\" content=\"fr_FR\" \/>\n<meta property=\"og:type\" content=\"article\" \/>\n<meta property=\"og:title\" content=\"Violente barri\u00e8re - 6e Grande Rencontre des arts m\u00e9diatiques en Gasp\u00e9sie\" \/>\n<meta property=\"og:url\" content=\"https:\/\/perceides.ca\/grande-rencontre2021\/evenement\/violente-barriere\/\" \/>\n<meta property=\"og:site_name\" content=\"6e Grande Rencontre des arts m\u00e9diatiques en Gasp\u00e9sie\" \/>\n<meta property=\"article:modified_time\" content=\"2021-09-02T18:31:41+00:00\" \/>\n<meta property=\"og:image\" content=\"http:\/\/perceides.ca\/grande-rencontre2021\/wp-content\/uploads\/2021\/08\/Violente_Barri_re_Frame_Kallima_2019.jpg\" \/>\n\t<meta property=\"og:image:width\" content=\"1920\" \/>\n\t<meta property=\"og:image:height\" content=\"1080\" \/>\n<meta name=\"twitter:card\" content=\"summary_large_image\" \/>\n<script type=\"application\/ld+json\" class=\"yoast-schema-graph\">{\"@context\":\"https:\/\/schema.org\",\"@graph\":[{\"@type\":\"Organization\",\"@id\":\"https:\/\/perceides.ca\/grande-rencontre2021\/#organization\",\"name\":\"Grande rencontre des arts m\\u00e9diatiques en Gasp\\u00e9sie\",\"url\":\"https:\/\/perceides.ca\/grande-rencontre2021\/\",\"sameAs\":[],\"logo\":{\"@type\":\"ImageObject\",\"@id\":\"https:\/\/perceides.ca\/grande-rencontre2021\/#logo\",\"inLanguage\":\"fr-FR\",\"url\":\"https:\/\/perceides.ca\/grande-rencontre2021\/wp-content\/uploads\/2021\/09\/perceides-grandes-rencontres-poster02Bcrop2.jpg\",\"contentUrl\":\"https:\/\/perceides.ca\/grande-rencontre2021\/wp-content\/uploads\/2021\/09\/perceides-grandes-rencontres-poster02Bcrop2.jpg\",\"width\":952,\"height\":599,\"caption\":\"Grande rencontre des arts m\\u00e9diatiques en Gasp\\u00e9sie\"},\"image\":{\"@id\":\"https:\/\/perceides.ca\/grande-rencontre2021\/#logo\"}},{\"@type\":\"WebSite\",\"@id\":\"https:\/\/perceides.ca\/grande-rencontre2021\/#website\",\"url\":\"https:\/\/perceides.ca\/grande-rencontre2021\/\",\"name\":\"6e Grande Rencontre des arts m\\u00e9diatiques en Gasp\\u00e9sie\",\"description\":\"Perc\\u00e9, 2 au 5 septembre 2021\",\"publisher\":{\"@id\":\"https:\/\/perceides.ca\/grande-rencontre2021\/#organization\"},\"potentialAction\":[{\"@type\":\"SearchAction\",\"target\":{\"@type\":\"EntryPoint\",\"urlTemplate\":\"https:\/\/perceides.ca\/grande-rencontre2021\/?s={search_term_string}\"},\"query-input\":\"required name=search_term_string\"}],\"inLanguage\":\"fr-FR\"},{\"@type\":\"ImageObject\",\"@id\":\"https:\/\/perceides.ca\/grande-rencontre2021\/evenement\/violente-barriere\/#primaryimage\",\"inLanguage\":\"fr-FR\",\"url\":\"https:\/\/perceides.ca\/grande-rencontre2021\/wp-content\/uploads\/2021\/08\/Violente_Barri_re_Frame_Kallima_2019.jpg\",\"contentUrl\":\"https:\/\/perceides.ca\/grande-rencontre2021\/wp-content\/uploads\/2021\/08\/Violente_Barri_re_Frame_Kallima_2019.jpg\",\"width\":1920,\"height\":1080},{\"@type\":\"WebPage\",\"@id\":\"https:\/\/perceides.ca\/grande-rencontre2021\/evenement\/violente-barriere\/#webpage\",\"url\":\"https:\/\/perceides.ca\/grande-rencontre2021\/evenement\/violente-barriere\/\",\"name\":\"Violente barri\\u00e8re - 6e Grande Rencontre des arts m\\u00e9diatiques en Gasp\\u00e9sie\",\"isPartOf\":{\"@id\":\"https:\/\/perceides.ca\/grande-rencontre2021\/#website\"},\"primaryImageOfPage\":{\"@id\":\"https:\/\/perceides.ca\/grande-rencontre2021\/evenement\/violente-barriere\/#primaryimage\"},\"datePublished\":\"2021-08-25T00:57:31+00:00\",\"dateModified\":\"2021-09-02T18:31:41+00:00\",\"breadcrumb\":{\"@id\":\"https:\/\/perceides.ca\/grande-rencontre2021\/evenement\/violente-barriere\/#breadcrumb\"},\"inLanguage\":\"fr-FR\",\"potentialAction\":[{\"@type\":\"ReadAction\",\"target\":[\"https:\/\/perceides.ca\/grande-rencontre2021\/evenement\/violente-barriere\/\"]}]},{\"@type\":\"BreadcrumbList\",\"@id\":\"https:\/\/perceides.ca\/grande-rencontre2021\/evenement\/violente-barriere\/#breadcrumb\",\"itemListElement\":[{\"@type\":\"ListItem\",\"position\":1,\"name\":\"Accueil\",\"item\":\"https:\/\/perceides.ca\/grande-rencontre2021\/\"},{\"@type\":\"ListItem\",\"position\":2,\"name\":\"\\u00c9v\\u00e9nements\",\"item\":\"https:\/\/perceides.ca\/grande-rencontre2021\/evenement\/\"},{\"@type\":\"ListItem\",\"position\":3,\"name\":\"Violente barri\\u00e8re\"}]}]}<\/script>\n<!-- \/ Yoast SEO plugin. -->","yoast_head_json":{"title":"Violente barri\u00e8re - 6e Grande Rencontre des arts m\u00e9diatiques en Gasp\u00e9sie","robots":{"index":"index","follow":"follow","max-snippet":"max-snippet:-1","max-image-preview":"max-image-preview:large","max-video-preview":"max-video-preview:-1"},"canonical":"https:\/\/perceides.ca\/grande-rencontre2021\/evenement\/violente-barriere\/","og_locale":"fr_FR","og_type":"article","og_title":"Violente barri\u00e8re - 6e Grande Rencontre des arts m\u00e9diatiques en Gasp\u00e9sie","og_url":"https:\/\/perceides.ca\/grande-rencontre2021\/evenement\/violente-barriere\/","og_site_name":"6e Grande Rencontre des arts m\u00e9diatiques en Gasp\u00e9sie","article_modified_time":"2021-09-02T18:31:41+00:00","og_image":[{"width":1920,"height":1080,"url":"http:\/\/perceides.ca\/grande-rencontre2021\/wp-content\/uploads\/2021\/08\/Violente_Barri_re_Frame_Kallima_2019.jpg","path":"\/home\/percei\/public_html\/grande-rencontre2021\/wp-content\/uploads\/2021\/08\/Violente_Barri_re_Frame_Kallima_2019.jpg","size":"full","id":14287,"alt":"","pixels":2073600,"type":"image\/jpeg"}],"twitter_card":"summary_large_image","schema":{"@context":"https:\/\/schema.org","@graph":[{"@type":"Organization","@id":"https:\/\/perceides.ca\/grande-rencontre2021\/#organization","name":"Grande rencontre des arts m\u00e9diatiques en Gasp\u00e9sie","url":"https:\/\/perceides.ca\/grande-rencontre2021\/","sameAs":[],"logo":{"@type":"ImageObject","@id":"https:\/\/perceides.ca\/grande-rencontre2021\/#logo","inLanguage":"fr-FR","url":"https:\/\/perceides.ca\/grande-rencontre2021\/wp-content\/uploads\/2021\/09\/perceides-grandes-rencontres-poster02Bcrop2.jpg","contentUrl":"https:\/\/perceides.ca\/grande-rencontre2021\/wp-content\/uploads\/2021\/09\/perceides-grandes-rencontres-poster02Bcrop2.jpg","width":952,"height":599,"caption":"Grande rencontre des arts m\u00e9diatiques en Gasp\u00e9sie"},"image":{"@id":"https:\/\/perceides.ca\/grande-rencontre2021\/#logo"}},{"@type":"WebSite","@id":"https:\/\/perceides.ca\/grande-rencontre2021\/#website","url":"https:\/\/perceides.ca\/grande-rencontre2021\/","name":"6e Grande Rencontre des arts m\u00e9diatiques en Gasp\u00e9sie","description":"Perc\u00e9, 2 au 5 septembre 2021","publisher":{"@id":"https:\/\/perceides.ca\/grande-rencontre2021\/#organization"},"potentialAction":[{"@type":"SearchAction","target":{"@type":"EntryPoint","urlTemplate":"https:\/\/perceides.ca\/grande-rencontre2021\/?s={search_term_string}"},"query-input":"required name=search_term_string"}],"inLanguage":"fr-FR"},{"@type":"ImageObject","@id":"https:\/\/perceides.ca\/grande-rencontre2021\/evenement\/violente-barriere\/#primaryimage","inLanguage":"fr-FR","url":"https:\/\/perceides.ca\/grande-rencontre2021\/wp-content\/uploads\/2021\/08\/Violente_Barri_re_Frame_Kallima_2019.jpg","contentUrl":"https:\/\/perceides.ca\/grande-rencontre2021\/wp-content\/uploads\/2021\/08\/Violente_Barri_re_Frame_Kallima_2019.jpg","width":1920,"height":1080},{"@type":"WebPage","@id":"https:\/\/perceides.ca\/grande-rencontre2021\/evenement\/violente-barriere\/#webpage","url":"https:\/\/perceides.ca\/grande-rencontre2021\/evenement\/violente-barriere\/","name":"Violente barri\u00e8re - 6e Grande Rencontre des arts m\u00e9diatiques en Gasp\u00e9sie","isPartOf":{"@id":"https:\/\/perceides.ca\/grande-rencontre2021\/#website"},"primaryImageOfPage":{"@id":"https:\/\/perceides.ca\/grande-rencontre2021\/evenement\/violente-barriere\/#primaryimage"},"datePublished":"2021-08-25T00:57:31+00:00","dateModified":"2021-09-02T18:31:41+00:00","breadcrumb":{"@id":"https:\/\/perceides.ca\/grande-rencontre2021\/evenement\/violente-barriere\/#breadcrumb"},"inLanguage":"fr-FR","potentialAction":[{"@type":"ReadAction","target":["https:\/\/perceides.ca\/grande-rencontre2021\/evenement\/violente-barriere\/"]}]},{"@type":"BreadcrumbList","@id":"https:\/\/perceides.ca\/grande-rencontre2021\/evenement\/violente-barriere\/#breadcrumb","itemListElement":[{"@type":"ListItem","position":1,"name":"Accueil","item":"https:\/\/perceides.ca\/grande-rencontre2021\/"},{"@type":"ListItem","position":2,"name":"\u00c9v\u00e9nements","item":"https:\/\/perceides.ca\/grande-rencontre2021\/evenement\/"},{"@type":"ListItem","position":3,"name":"Violente barri\u00e8re"}]}]}},"_links":{"self":[{"href":"https:\/\/perceides.ca\/grande-rencontre2021\/wp-json\/wp\/v2\/evenement\/14285"}],"collection":[{"href":"https:\/\/perceides.ca\/grande-rencontre2021\/wp-json\/wp\/v2\/evenement"}],"about":[{"href":"https:\/\/perceides.ca\/grande-rencontre2021\/wp-json\/wp\/v2\/types\/evenement"}],"author":[{"embeddable":true,"href":"https:\/\/perceides.ca\/grande-rencontre2021\/wp-json\/wp\/v2\/users\/21"}],"version-history":[{"count":8,"href":"https:\/\/perceides.ca\/grande-rencontre2021\/wp-json\/wp\/v2\/evenement\/14285\/revisions"}],"predecessor-version":[{"id":14309,"href":"https:\/\/perceides.ca\/grande-rencontre2021\/wp-json\/wp\/v2\/evenement\/14285\/revisions\/14309"}],"wp:featuredmedia":[{"embeddable":true,"href":"https:\/\/perceides.ca\/grande-rencontre2021\/wp-json\/wp\/v2\/media\/14287"}],"wp:attachment":[{"href":"https:\/\/perceides.ca\/grande-rencontre2021\/wp-json\/wp\/v2\/media?parent=14285"}],"wp:term":[{"taxonomy":"category","embeddable":true,"href":"https:\/\/perceides.ca\/grande-rencontre2021\/wp-json\/wp\/v2\/categories?post=14285"},{"taxonomy":"post_tag","embeddable":true,"href":"https:\/\/perceides.ca\/grande-rencontre2021\/wp-json\/wp\/v2\/tags?post=14285"}],"curies":[{"name":"wp","href":"https:\/\/api.w.org\/{rel}","templated":true}]}}

Violente barrière

<!-- This site is optimized with the Yoast SEO plugin v16.9 - https://yoast.com/wordpress/plugins/seo/ -->
<title>Violente barrière - 6e Grande Rencontre des arts médiatiques en Gaspésie</title>
<meta name="robots" content="index, follow, max-snippet:-1, max-image-preview:large, max-video-preview:-1" />
<link rel="canonical" href="https://perceides.ca/grande-rencontre2021/evenement/violente-barriere/" />
<meta property="og:locale" content="fr_FR" />
<meta property="og:type" content="article" />
<meta property="og:title" content="Violente barrière - 6e Grande Rencontre des arts médiatiques en Gaspésie" />
<meta property="og:url" content="https://perceides.ca/grande-rencontre2021/evenement/violente-barriere/" />
<meta property="og:site_name" content="6e Grande Rencontre des arts médiatiques en Gaspésie" />
<meta property="article:modified_time" content="2021-09-02T18:31:41+00:00" />
<meta property="og:image" content="http://perceides.ca/grande-rencontre2021/wp-content/uploads/2021/08/Violente_Barri_re_Frame_Kallima_2019.jpg" />
	<meta property="og:image:width" content="1920" />
	<meta property="og:image:height" content="1080" />
<meta name="twitter:card" content="summary_large_image" />
<script type="application/ld+json" class="yoast-schema-graph">{"@context":"https://schema.org","@graph":[{"@type":"Organization","@id":"https://perceides.ca/grande-rencontre2021/#organization","name":"Grande rencontre des arts m\u00e9diatiques en Gasp\u00e9sie","url":"https://perceides.ca/grande-rencontre2021/","sameAs":[],"logo":{"@type":"ImageObject","@id":"https://perceides.ca/grande-rencontre2021/#logo","inLanguage":"fr-FR","url":"https://perceides.ca/grande-rencontre2021/wp-content/uploads/2021/09/perceides-grandes-rencontres-poster02Bcrop2.jpg","contentUrl":"https://perceides.ca/grande-rencontre2021/wp-content/uploads/2021/09/perceides-grandes-rencontres-poster02Bcrop2.jpg","width":952,"height":599,"caption":"Grande rencontre des arts m\u00e9diatiques en Gasp\u00e9sie"},"image":{"@id":"https://perceides.ca/grande-rencontre2021/#logo"}},{"@type":"WebSite","@id":"https://perceides.ca/grande-rencontre2021/#website","url":"https://perceides.ca/grande-rencontre2021/","name":"6e Grande Rencontre des arts m\u00e9diatiques en Gasp\u00e9sie","description":"Perc\u00e9, 2 au 5 septembre 2021","publisher":{"@id":"https://perceides.ca/grande-rencontre2021/#organization"},"potentialAction":[{"@type":"SearchAction","target":{"@type":"EntryPoint","urlTemplate":"https://perceides.ca/grande-rencontre2021/?s={search_term_string}"},"query-input":"required name=search_term_string"}],"inLanguage":"fr-FR"},{"@type":"ImageObject","@id":"https://perceides.ca/grande-rencontre2021/evenement/violente-barriere/#primaryimage","inLanguage":"fr-FR","url":"https://perceides.ca/grande-rencontre2021/wp-content/uploads/2021/08/Violente_Barri_re_Frame_Kallima_2019.jpg","contentUrl":"https://perceides.ca/grande-rencontre2021/wp-content/uploads/2021/08/Violente_Barri_re_Frame_Kallima_2019.jpg","width":1920,"height":1080},{"@type":"WebPage","@id":"https://perceides.ca/grande-rencontre2021/evenement/violente-barriere/#webpage","url":"https://perceides.ca/grande-rencontre2021/evenement/violente-barriere/","name":"Violente barri\u00e8re - 6e Grande Rencontre des arts m\u00e9diatiques en Gasp\u00e9sie","isPartOf":{"@id":"https://perceides.ca/grande-rencontre2021/#website"},"primaryImageOfPage":{"@id":"https://perceides.ca/grande-rencontre2021/evenement/violente-barriere/#primaryimage"},"datePublished":"2021-08-25T00:57:31+00:00","dateModified":"2021-09-02T18:31:41+00:00","breadcrumb":{"@id":"https://perceides.ca/grande-rencontre2021/evenement/violente-barriere/#breadcrumb"},"inLanguage":"fr-FR","potentialAction":[{"@type":"ReadAction","target":["https://perceides.ca/grande-rencontre2021/evenement/violente-barriere/"]}]},{"@type":"BreadcrumbList","@id":"https://perceides.ca/grande-rencontre2021/evenement/violente-barriere/#breadcrumb","itemListElement":[{"@type":"ListItem","position":1,"name":"Accueil","item":"https://perceides.ca/grande-rencontre2021/"},{"@type":"ListItem","position":2,"name":"\u00c9v\u00e9nements","item":"https://perceides.ca/grande-rencontre2021/evenement/"},{"@type":"ListItem","position":3,"name":"Violente barri\u00e8re"}]}]}</script>
<!-- / Yoast SEO plugin. -->

Violente barrière - 6e Grande Rencontre des arts médiatiques en Gaspésie

6e Grande Rencontre des arts médiatiques en Gaspésie

Grande rencontre des arts médiatiques en Gaspésie

Percé, 2 au 5 septembre 2021

Événements
